 s(j) = -j**2 + j + 1. What is s(q)?
1
Let g(m) = -3*m - 24. Let o(p) = p + 12. Let r(y) = -2*g(y) - 5*o(y). Let w be r(7). Let k(a) = a**3 + 6*a**2 + 6*a - 7. Calculate k(w).
-12
Let l(p) be the second derivative of -4/3*p**3 + 0 - 4*p**2 - 1/12*p**4 - 3*p. Determine l(-6).
4
Let v = -18 + 19. Let z(c) = 3*c**2 - 3. Let a(h) = h**2 + h + 1. Suppose -4*r + 1 = -3*y, -2*y = -2*r + 5 - 3. Let m(w) = r*a(w) + v*z(w). What is m(4)?
3
Let q(y) = 5*y**3 - 35*y**2 - 11*y + 26. Let j(h) = -h**3 + 7*h**2 + 2*h - 5. Let c(x) = -11*j(x) - 2*q(x). What is c(7)?
3
Let v(j) = -j**2 - 7*j - 5. Let i(q) = -q**3 - 4*q**2 + 3*q. Let r be i(-5). Suppose -5*w + 4*n = r, w - n = 6*w + 35. Give v(w).
1
Let n = 49 - 5. Suppose -n = -5*x + 3*c - 0*c, 0 = -2*x - c + 22. Suppose 0 = -3*v + v + x. Let b(i) = -2*i + 5. Determine b(v).
-5
Let a(l) = 2*l**2 + 5*l - 3. Let i(t) = 4*t**2 + 9*t - 5. Let x(y) = -7*a(y) + 4*i(y). Give x(-1).
2
Let p(s) = -s**3 - s**2 + s - 5. Suppose -39*d - 16 = -37*d. Let z(g) = 5*g - 2. Let f be z(2). Let c = f + d. Calculate p(c).
-5
Let o(p) = 3*p**2. Let w be o(-1). Let g(k) = -k + 1. Let h(x) = -3*x + 7. Let s(j) = 2*g(j) - h(j). Let f(i) = -i + 6. Let r(u) = -2*f(u) - 3*s(u). Give r(w).
0
Let p(b) = b**2 - 9. Suppose -4*u + u = -3. Suppose 3*x = q + 5, -u = 3*x - 2*q - 11. Calculate p(x).
-9
Suppose -h = h - 10. Let a(d) = -1 + 5*d + 3*d - d**2 - 2*d. Give a(h).
4
Let d(h) = -6*h**2 + 4*h + h**3 - 4*h + 2*h + 2. What is d(5)?
-13
Let c(n) = n**3 + 4*n**2 - 3*n - 5. Let q be ((-1)/2)/(21/168). What is c(q)?
7
Let x(d) = -3*d**3 + 2*d**2 - 7*d + 10. Let z(i) = -2*i**3 + 3*i**2 - 7*i + 10. Let q(v) = -3*x(v) + 4*z(v). Give q(-7).
10
Let h(l) = -7*l + 9. Let j(m) = -6*m + 7. Let n(v) = 3*h(v) - 4*j(v). Determine n(-2).
-7
Let n be (4/(-5))/((-2)/10). Let i(h) = h**3 - 3*h**2 - 4*h + 2. Let t be i(n). Let v(m) = -2 + 3*m + 2*m**2 - 5*m - t*m**3 + 3*m. Give v(2).
-8
Let f(a) = 3*a**2 + 11*a + 1. Let r be 2/7 + 4/(-14). Let s(n) = -n**2 + 0*n**2 + r*n**2 - 1 - n. Let m(t) = f(t) + 4*s(t). Determine m(5).
7
Let q = 13 - 14. Let w(l) = -7*l**3 + l**2 + l + 1. Calculate w(q).
8
Let h(d) = -2 - d + 4 - 3. Let r be 11 + -12 + (-4)/((-8)/(-6)). What is h(r)?
3
Let a(t) = t**3 + 13*t**2 + 11*t - 11. Let u be a(-12). Let q(r) be the third derivative of r**4/4 + r**2. What is q(u)?
6
Let q(a) be the first derivative of -2 - 1/3*a**3 + 9*a + 1/2*a**2. Give q(0).
9
Let b(a) be the second derivative of -a**5/20 + a**4/2 + 4*a**3/3 - 5*a**2 + 8*a. What is b(7)?
-3
Suppose z - 24 = -2*z. Suppose -6 = -2*s + z. Let x(j) = 1 + j + s*j**2 - 6*j + 3*j. Give x(1).
6
Let g be 2/5 + (-44)/10. Let z(o) = 4*o + 5. Let d(r) = 5*r + 6. Let m(n) = g*z(n) + 3*d(n). What is m(0)?
-2
Let j = -1 + 1. Suppose -4*b + 16 = j, -4*z = z + 4*b + 14. Let f(g) = g + 2. Calculate f(z).
-4
Let k(y) = y**3 - 5*y**2 + 4*y + 3. Suppose 146*v - 150*v + 16 = 0. Determine k(v).
3
Let t(v) = 3*v - 4. Let z(c) = -3*c + 3. Let b(o) = 4*t(o) + 5*z(o). Let u(m) = -m**2 - 9*m - 2. Let q be u(-9). Let p be -2 + 0 + q + 3. Determine b(p).
2
Let k(t) = t - 6. Let g be k(10). Let h(y) = -y - 2. Determine h(g).
-6
Let a(h) = h**3 + 2*h**2 - 3*h + 1. Let p = -9 - -13. Suppose 0*i - 10 = -4*i - s, 4*s - 16 = -p*i. Let t be 1/i + (-21)/6. Give a(t).
1
Let p(l) = -3*l - 6. Let i(o) = -2*o - 3. Suppose -3*q + 0*q + 3*j - 9 = 0, -4*j = -q - 6. Let v(h) = q*p(h) + 5*i(h). Determine v(-2).
5
Let w be 0/(2/2) - 0. Suppose 0*v - v - 4 = w. Let o(c) = 4*c**2 - 10. Let m(y) = 5*y**2 - 11. Let f(x) = v*o(x) + 3*m(x). What is f(0)?
7
Let n(g) = 1. Let k(o) = -o - 2 + 1 - 4 + 1. Let a(f) = k(f) + 2*n(f). Calculate a(4).
-6
Let r(m) be the second derivative of -m**4/12 - 4*m**3/3 - 7*m**2/2 + 8*m. Give r(-6).
5
Let n = -6 - -8. Let i(u) = u - 7. Let v(y) = -y + 6. Let o(t) = n*i(t) + 3*v(t). Let k be 2*(-2)/(8/(-6)). Calculate o(k).
1
Let i(a) = -a**3 + 5*a**2 - 5*a + 3. Let m(t) = 2 - 2*t**2 - 1 - 4*t + t**2. Let y be m(-2). Suppose -4*s - 36 = -y*g, -16 = 3*s - 4. Determine i(g).
-1
Let s be ((-24)/10)/(6/(-15)). Let p(b) = -b**3 + 5*b**2 + 6*b - 4. What is p(s)?
-4
Suppose -10 = -6*z + z. Let o = 16 - 14. Let t(b) = b**3 + 4 + b**z + 2*b**o - 6*b - 6*b**2. Determine t(4).
-4
Let t(y) = -5*y - 3 + 0*y + 1. Let g = 425 - 427. Determine t(g).
8
Suppose -5*d = -6*d + 5. Let h(q) = q**3 - 6*q**2 + 7*q - 6. Determine h(d).
4
Let d(q) = 11*q**2 - 2*q + 1. Let g(z) = z**3 - 2*z**2 + 2. Let k be g(1). Determine d(k).
10
Let c be 8*2*(-3)/(-12). Suppose -4*w - 26 = 2*z, 7 = -2*w + c*z + 19. Let k(s) = s**2 + 4*s + 6. Calculate k(w).
6
Let x = 2 - 1. Suppose 3*w - 2 = x. Let g(a) be the third derivative of 2*a**5/15 + a**3/6 - 5*a**2. Give g(w).
9
Let a be (0/(2/(-2)))/1. Let i(s) = -13 + 0*s + 5 - s. Determine i(a).
-8
Let l(t) = -t**2 + 17*t - 12. Let f be l(16). Let v(i) be the second derivative of f*i + 3*i**2 + 0 + 1/6*i**3. Calculate v(0).
6
Let q be (-9)/(-6) + 1/2. Let l(p) = -5*p - p**2 - p + q + 3*p - p. Let r be l(-4). Let b(m) = -m**2 + m. What is b(r)?
-2
Let l(z) = -z**3 - 4*z**2 + 5*z - 6. Let r be l(-5). Let k(m) = -m**3 + 1. Let i(q) = 5*q**3 - 5*q**2 + 5*q - 5. Let y(u) = i(u) + 6*k(u). Give y(r).
7
Let j(f) = -4*f - 7. Let n(x) = 5*x + 8. Let l(o) = 4*j(o) + 3*n(o). Let i be l(-4). Let c(r) = -r**3 - r**2 + r + 6. What is c(i)?
6
Let o be (-152)/(-36) + 6/(-27). Suppose -o*q = 5*k + 1, -4*q + 3*k - 40 + 15 = 0. Let a(h) = 0 + 2 + 3*h - 1. What is a(q)?
-11
Suppose -1 = -8*p + 55. Let l(x) = x**2 - 5*x - 1. Calculate l(p).
13
Let h(g) = -2*g**2 - 9*g - 3. Let a be h(-4). Let v(s) = -s + 1. Determine v(a).
0
Let r(x) = -x**3 + 8*x**2 + 7 - 8*x - 18*x + 19*x. Calculate r(7).
7
Suppose f + 12 = 3*f. Let g(w) = -w + 12. Let o be g(f). Let p(m) = -2*m + 7. Determine p(o).
-5
Suppose 5*b = 5*y + 10, -18 = -5*b - 0*b - 3*y. Suppose b + 2 = 5*m. Let h(z) = 2*z - 9. Let p(s) = -s + 1. Let d(f) = m*h(f) + 3*p(f). What is d(0)?
-6
Let a(l) = -l - 4. Suppose 4*k = 2*k + 12. Determine a(k).
-10
Let g(w) = w + 3. Let q be g(-4). Let m(y) be the second derivative of y**5/15 - y**3/6 + y**2/2 - y. Let l(h) be the first derivative of m(h). What is l(q)?
3
Let g(n) = -n**2 + 5*n. Let v = 39 - 35. Give g(v).
4
Let v = 29 + -21. Let p(x) = -v*x - 2*x + 9*x + 3. Calculate p(-3).
6
Let i(w) be the third derivative of w**8/2520 - w**6/720 - w**5/20 - w**2. Let k(o) be the third derivative of i(o). Calculate k(-1).
7
Let a(v) = -4*v. Let n be a(-1). Let j = -4 + n. Let h(b) be the third derivative of b**5/60 - 2*b**3/3 - b**2. Give h(j).
-4
Let i(z) = z**3 - 3*z**2 - 3*z - 5. Suppose 0 = 5*a + 4*x + 31, -3*a + 3*x = 2*x + 5. Let g = -4 - 3. Let q = a - g. Calculate i(q).
-1
Let v = -21 + 25. Let a(s) = s**2 - 5*s + 9. Let u be a(v). Let w(m) be the first derivative of -m**2/2 + 5*m - 1. Calculate w(u).
0
Let s(k) be the first derivative of -k**4/4 + 2*k + 3. Let a(o) be the first derivative of s(o). What is a(1)?
-3
Let h(z) be the first derivative of 1/2*z**3 + z - 1 + 3*z**2. Let y(k) be the first derivative of h(k). Give y(-4).
-6
Let s(v) = -14*v - 4. Let d(t) = 5*t + 1. Let n(w) = -11*d(w) - 4*s(w). Suppose 5 - 20 = 3*k. Calculate n(k).
0
Let n = -16 - -16. Let i(x) = x**2 - x + 14. Determine i(n).
14
Let z be -1 + -1 + 4 - 1. Let f be 2 + (4 + z - 2). Let k(d) = -1 - d + 7 + 1. Calculate k(f).
2
Let z(k) be the third derivative of -k**4/12 + k**3/6 - 7*k**2. Give z(-2).
5
Let d = -21 - -26. Let z(i) = i**2 + 1. Let a(o) = 2*o**2 + 2. Let f(n) = d*z(n) - 2*a(n). Calculate f(2).
5
Let u(a) = -13*a**3 + a**2 + 11*a + 14. Let r(f) = 7*f**3 - 6*f - 7. Let s(v) = -11*r(v) - 6*u(v). What is s(6)?
-7
Let y(q) be the first derivative of 13*q**2/2 + 8*q - 5. Suppose 0 = 2*n - 4*n + 10. Let b(s) = -9*s - 5. Let i(u) = n*y(u) + 7*b(u). What is i(-4)?
-3
Let v(k) = 7*k - 7*k**2 - k**3 + k + 5*k**2 + 9*k**2 - 6. Let m(j) = 5*j**3 - 28*j**2 - 33*j + 25. Let x(o) = 2*m(o) + 9*v(o). Give x(-6).
-4
Let o = -11 + 15. Suppose -11 = o*b + 1. Let q(y) = y**2 + 3*y - 1. What is q(b)?
-1
Let b(k) = -4 - 5 - 6 - k + 11. What is b(-7)?
3
Suppose -9*b + 4*b - 5 = 0. Let f(r) = -13*r**2 - r + 4. Let s(t) = -12*t**2 + 3. Let a be (9/(-6))/((-6)/8). Let m(d) = a*f(d) - 3*s(d). Calculate m(b).
11
Let q(b) be the third derivative of b**6/120 + b**5/